e prime factors of w?
2, 3, 13
Let z(r) = -96*r**3 + 4*r**2 + 4*r - 4. What are the prime factors of z(-2)?
2, 193
Suppose -2*c - 42 = n - 194, -5*c + 374 = n. Let m = 121 - c. List the prime factors of m.
47
Let y(g) = -4*g + 1. Let p be y(-2). Let l(d) = -d**2 + 9*d + 3. Let x be l(p). Suppose -140 = -x*c - c. List the prime factors of c.
5, 7
Suppose -4*c + 15 = -5*w + 4, 5*c - 5*w - 10 = 0. What are the prime factors of 289/2 - ((-10)/(-4) + c)?
11, 13
Let g(k) = -22 + 3 + 10*k - 1 + k. What are the prime factors of g(8)?
2, 17
Suppose 4*q - 784 = -0*q. What are the prime factors of q?
2, 7
Suppose 227 - 879 = -4*z. Let y(f) = 3*f**2 - 81*f + 34. Let k be y(25). Let v = z + k. List the prime factors of v.
47
Let u = 90 + -86. Suppose u*o - 211 - 765 = 0. What are the prime factors of o?
2, 61
Suppose -6127 - 332 = -3*x - 5*m, 0 = 5*m + 15. List the prime factors of x.
2, 13, 83
Let v(l) = -l**3 - 7*l**2 - 11*l + 12. Let z(q) = -q**2 - q + 14. Let b be z(4). What are the prime factors of v(b)?
2, 3, 7
Suppose 3294 = 2*z + 2*a, a - 3 = 1. What are the prime factors of z?
31, 53
Suppose v - 4*v - 48 = 0. Let g = 7 + v. Let t = 9 - g. What are the prime factors of t?
2, 3
Let w(t) = t**3 - 21*t**2 - 9*t - 68. List the prime factors of w(22).
2, 109
List the prime factors of 0 - 0 - (-4180)/22.
2, 5, 19
Suppose -2*w + 498 + 162 = 0. List the prime factors of 1/(w/82 + -4).
41
Let i = -265 + 497. What are the prime factors of i?
2, 29
Suppose 3*q - 2 - 10 = 0. List the prime factors of (-48 - (1 - q))/(-1).
3, 5
Let y(p) = -p**3 - 13*p**2 - 11*p + 8. Suppose -5*t + 13 = 73. Let x be y(t). What are the prime factors of 6 + x + (-82)/(-2)?
43
Let s(v) = -3*v - 3. Let h be s(-1). Suppose h*c + 5*c + 657 = 4*o, -5*o - c = -843. What are the prime factors of o?
2, 3, 7
Let v(m) = m**2 - m + 19. Let u be v(12). Suppose -6*p + u + 71 = 0. List the prime factors of p.
37
Let j(i) = -24*i - 7. Suppose 3*t - 5*t = -w + 4, 3*w = t + 2. What are the prime factors of j(t)?
41
Let k(r) = -17*r - 23. List the prime factors of k(-35).
2, 11, 13
Let r(s) = 19*s**2 + 1 + 14 + 14*s + 0 + s**3 - 5*s**2. Let o be r(-13). Let t(h) = 7*h. What are the prime factors of t(o)?
2, 7
Suppose -14*d + 6*d = -12384. List the prime factors of d.
2, 3, 43
Suppose -2*l - 1307 = -5953. What are the prime factors of l?
23, 101
Let t(w) = -80*w**3 - 2*w - 2. Let y(z) = -z**3 + 5*z**2 - 1. Let i be y(5). List the prime factors of t(i).
2, 5
Let s(d) = -209*d + 615. List the prime factors of s(-7).
2, 1039
Suppose 2*l - 171 = -49. Let a = l + -25. What are the prime factors of a?
2, 3
What are the prime factors of 61479/88 + 3/8?
3, 233
Let t be 1/((4 - 1)/6). Suppose 4*o + t*j = 7*j + 27, 5*o + 3*j = 80. List the prime factors of o.
13
Suppose 0 = 2*i + 2*i - 3*d - 5, -d = 3*i - 20. Suppose 0 = -i*g - 0*g. Suppose o = 2, m + g*m - 48 = -5*o. What are the prime factors of m?
2, 19
Suppose -101*p - 5797 = -112*p. List the prime factors of p.
17, 31
Suppose -5*k - 14 = -69. Let t(s) = 3*s - 4 - 3*s**3 + 10*s**2 + 2*s**3 + s**2 - 12. List the prime factors of t(k).
17
Let m(g) = -g**2 - 7*g - 8. Let x be m(7). Let a = 183 + x. List the prime factors of a.
7, 11
Let o(q) be the second derivative of -q**2 + 2*q - 4/3*q**3 + 0. List the prime factors of o(-3).
2, 11
Let m(x) = 20*x - 113. Let u be m(6). Let n = 181 + -16. Suppose 10*d = u*d + n. List the prime factors of d.
5, 11
Let l be 5*((-32)/5 + 2). Let p = 100 + -69. Let z = l + p. List the prime factors of z.
3
Suppose 0 = 4*q + q + 15. Let p(a) = -8*a + 3. Let m be p(q). Let c = 44 - m. What are the prime factors of c?
17
What are the prime factors of 271278/84*(-2)/(-3)?
2153
Let p = 14 - 2. List the prime factors of p.
2, 3
Let r = -112 + 199. Let m(n) = -n**3 + 20*n**2 - 37*n - 13. Let c be m(18). Let l = c + r. What are the prime factors of l?
2, 7
Let o(v) be the first derivative of v**5/60 - v**4/6 - 17*v**3/6 + 5*v**2/2 + 5. Let u(h) be the second derivative of o(h). List the prime factors of u(7).
2
Suppose 5*p - 25 = -205. Let f = -34 - p. Suppose 0 = f*h + w - 25, 4*w = -5*h + 4*h + 9. What are the prime factors of h?
13
Let t = 184 + 10. List the prime factors of t.
2, 97
Let m = -362 + 548. Suppose -2*h + a + m = 0, -a + 358 = 4*h + 4*a. What are the prime factors of h?
2, 23
Suppose 5*v - 9*v = q - 460, -2*q + 3*v = -909. What are the prime factors of q?
2, 3, 19
Suppose 5*a = 18*a - 13104. What are the prime factors of a?
2, 3, 7
Let o(d) = -d**3 + 24*d**2 + 2*d - 43. Let m be o(24). Let g(f) = f**2 + 4 - f - 2*f + 1 - 1. What are the prime factors of g(m)?
2, 7
Let v = 818 - 225. What are the prime factors of v?
593
Let c = -27 - -12. Let h = c - -20. Suppose -2*b - 8 = -r + h*r, 3*r + 11 = b. List the prime factors of b.
2
Let n = -3221 + 6638. What are the prime factors of n?
3, 17, 67
Let v(p) = p**3 + 2*p**2 - p + 105. Let i(m) = -m - 4. Let t be i(-4). What are the prime factors of v(t)?
3, 5, 7
Suppose -z + 3*a = -18, 4*z - 3*a = -z + 150. Let j = -6 + z. Let v = j + -10. List the prime factors of v.
17
Let g be (-8)/(-2) + 9/3. Suppose -g = -2*t - 1. Suppose t*a = 2*a + 4. List the prime factors of a.
2
Let x(d) = 21*d - 41. What are the prime factors of x(19)?
2, 179
Suppose y + 1 = -1. Let m be 1/((6 - 4)/y). What are the prime factors of (-5)/m*(-248)/(-20)?
2, 31
Let y = 632 - -41. What are the prime factors of y?
673
Suppose -7027*a + 7026*a + 5129 = 0. What are the prime factors of a?
23, 223
Let b = 66 - 54. Suppose 3*c - b = -c. What are the prime factors of c?
3
What are the prime factors of (-2 + (-44)/(-16))*(-1352)/(-2)?
3, 13
Suppose 135*v = 139*v - 4. Let w = v - -46. What are the prime factors of w?
47
Let y(p) = 18*p + 8*p**2 - 17*p**2 + 12 + 12*p**2. Let o be y(-12). Suppose -4*n + o = -0*n. What are the prime factors of n?
3, 19
Suppose 2*u = 2*g - 16, 6*g - g + u = 46. Suppose 0*c - g = -3*c. Suppose 2*a = c*a - 20. List the prime factors of a.
2, 5
Let v = 20 + -10. Let r = 383 + -177. What are the prime factors of 18/45 + r/v?
3, 7
Let g(n) = n**3 - 30*n**2 + 2*n - 21. List the prime factors of g(31).
2, 3, 167
Let z(c) = 14*c. Suppose 4*u + 20 - 16 = 0. Let i be z(u). Let n = -5 - i. What are the prime factors of n?
3
Suppose 0*y + 28 = 2*y. Let c = -9 + y. Suppose -3*m = -0*m + 5*x - 113, 2*x = c*m - 178. List the prime factors of m.
2, 3
Let u(q) = -2*q**2 - 3*q - 2*q**2 - 5 + q**3 - 2*q**3. Let f be u(-4). Let d = 4 + f. List the prime factors of d.
11
Let g(i) = 2*i + 0*i**2 - 8*i - i - i**2. What are the prime factors of g(-3)?
2, 3
Suppose -2*m + 3*m - 3*p = 3, -2*p = 0. Suppose -2*x + 3*u = -52 + 1, -m*x - u = -71. What are the prime factors of x?
2, 3
Let d(s) = -s. Let q be d(-5). Suppose q*b - 231 = -4*o, 3*o + 0*o - 150 = 4*b. Let g = -31 + o. List the prime factors of g.
23
Suppose -c = -c + 3*c. Let p(q) = 11 + 0*q**2 + 3*q - 2*q + q**2. List the prime factors of p(c).
11
Suppose 3*b - 18 - 36 = 0. What are the prime factors of (54/b)/(1/3)?
3
Suppose -15 = 3*o, 2*f - o + 0 = 25. Let a be 4/(-26) + f/65. What are the prime factors of (-24)/(a + 6/(-4))?
2
Let k = 13 - 11. Suppose k*m + 48 = a, -10 = 3*m - 1. What are the prime factors of a?
2, 3, 7
Let v(m) = m**2 + 3*m - 12. Let w be v(-7). What are the prime factors of w/4 + 0 + 18?
2, 11
Let p(z) = 3*z**2 + 10*z - 13. Suppose 7*h = -h - 48. What are the prime factors of p(h)?
5, 7
Let y be 1/(3 + (-26)/8). Let d be 13/y + 1/4. What are the prime factors of d*(-5)/(45/48)?
2
Let g = 32 - 46. Let p(y) = y**3 + 15*y**2 + 13*y - 3. List the prime factors of p(g).
11
Let n = -2 + 110. Suppose a - n = -3*a. List the prime factors of a.
3
Suppose 852 + 2515 = 7*m. What are the prime factors of m?
13, 37
Let a(u) = 9*u**2 - 22*u - 1. Let o be a(-6). Suppose -4*v = -1467 + o. What are the prime factors of v?
11, 23
Let l = 12 - 7. Suppose -3*q - 68 = -l*q. Suppose 2*f = q - 12. What are the prime factors of f?
11
Let u(z) = -3*z + 49. Suppose 2*i = -0*i + 14. What are the prime factors of u(i)?
2, 7
Let h = 295 - 171. Suppose -3*y + h = 31. What are the prime factors of y?
31
Let l = 8 - 7. Let t(y) be the second derivative of 9*y**3/2 + y**2 - 2*y. What are the prime factors of t(l)?
29
Let v(j) = 19*j**3 - 6*j**2 - 2*j + 54